 what is 2 + -9a532c?
-9a532a
In base 5, what is -20041 - 12241003?
-12311044
In base 7, what is 141441000 + -1?
141440666
In base 5, what is -112 - 413?
-1030
In base 3, what is -2022102 + 1000202?
-1021200
In base 10, what is -63259 - 148?
-63407
In base 14, what is 22c69 - -775c?
2a5c7
In base 12, what is 1527921 + 7?
1527928
In base 4, what is -13323130 - -3?
-13323121
In base 10, what is 15949 + -21141?
-5192
In base 9, what is -3768378 - 3?
-3768382
In base 5, what is 20433441 + 1423?
20440414
In base 5, what is 23043404 - -2331?
23101240
In base 12, what is -17977 + 11?
-17966
In base 15, what is -757 - 182?
-8d9
In base 2, what is -11010 - 1111001000100000111001?
-1111001000100001010011
In base 8, what is 2062554472 - 1?
2062554471
In base 16, what is -c86 - -1f09?
1283
In base 16, what is -286983 - -1?
-286982
In base 11, what is -1474801aa - -1?
-1474801a9
In base 3, what is 220211 + -10000220220?
-10000000002
In base 7, what is -4 - -3250615350?
3250615343
In base 9, what is -1218 + -164383?
-165612
In base 15, what is 1b5b + -3e2?
1769
In base 6, what is -14432 + 40351?
21515
In base 4, what is 33033313201032 + 1?
33033313201033
In base 15, what is ea - -53b59?
53c54
In base 14, what is 24222 + 17?
24239
In base 15, what is -8c - -1be273?
1be1d6
In base 13, what is -2 - 6156033?
-6156035
In base 14, what is 181 - 2a332?
-2a191
In base 2, what is -1101001011100100 + -111111010?
-1101010011011110
In base 15, what is 1528321 + -15?
152830b
In base 5, what is 4333 - 3434230?
-3424342
In base 2, what is -101 - 100011000100001?
-100011000100110
In base 9, what is -23336134 + 55?
-23336068
In base 6, what is 52515 - 5515?
43000
In base 7, what is -564 - -2065455?
2064561
In base 2, what is -1011000110011100110 + -1000?
-1011000110011101110
In base 9, what is -300 + 36408?
36108
In base 10, what is 40 - 3471397?
-3471357
In base 9, what is -4030 + -14625?
-18655
In base 16, what is -78c + 1c6f7?
1bf6b
In base 2, what is 1111 - 10111100100110111000?
-10111100100110101001
In base 10, what is 66 + 14867?
14933
In base 16, what is 7eaad00 - -2?
7eaad02
In base 12, what is 9 + 8b8a71?
8b8a7a
In base 2, what is -110000010000 + -1000110011001?
-1110110101001
In base 9, what is -11523668 - 58?
-11523737
In base 5, what is 10 - 4130010114?
-4130010104
In base 5, what is -1000124244110 - -3?
-1000124244102
In base 14, what is 6b72 - -60?
6bd2
In base 4, what is -202 - 10133201020?
-10133201222
In base 14, what is -4 - 5976921?
-5976925
In base 4, what is 1031313011221 - 2?
1031313011213
In base 6, what is -44242 - -11303?
-32535
In base 14, what is 2666 - 12601?
-dd79
In base 3, what is -100210112 + 121100102?
20112220
In base 10, what is 5 - 87632469?
-87632464
In base 3, what is -12 - 202110221?
-202111010
In base 10, what is -8 - -1581494?
1581486
In base 6, what is 3042100 - -2322?
3044422
In base 15, what is -7b7c6 - 124?
-7b8ea
In base 9, what is 4353 - 4445?
-82
In base 5, what is -3332111442 - -23?
-3332111414
In base 15, what is 4 - 23a63?
-23a5e
In base 5, what is -10233241120 - 400?
-10233242020
In base 16, what is -19339 - 209?
-19542
In base 11, what is -50 + 3a60a?
3a56a
In base 3, what is -21200201102212221 - -11?
-21200201102212210
In base 6, what is 13 + -113501332?
-113501315
In base 2, what is 110000111 + -101011011110010001100?
-101011011101100000101
In base 3, what is -10 - 20112011211221?
-20112011212001
In base 11, what is 3 + 4039338?
4039340
In base 15, what is -1a32 + 214bc?
1e98a
In base 13, what is 752236 + 2?
752238
In base 14, what is -b7a - 5c0d?
-6989
In base 7, what is -6430 + 3002?
-3425
In base 5, what is -2332 + 111424?
104042
In base 15, what is -56cba9 + -2b?
-56cbd5
In base 8, what is -614317 + 3?
-614314
In base 5, what is 2343 + -2301143?
-2243300
In base 9, what is -61150361 + 7?
-61150353
In base 5, what is 10 + -4013233412?
-4013233402
In base 5, what is 3 + -302242422203?
-302242422200
In base 14, what is 3 - -3a6c991?
3a6c994
In base 10, what is -243546961 - -2?
-243546959
In base 12, what is -6754a - 8b5?
-68243
In base 6, what is 10 - 1013200442?
-1013200432
In base 14, what is -c861 + -b5?
-c936
In base 8, what is 110456632 - 0?
110456632
In base 3, what is -200 - 101211211000?
-101211211200
In base 15, what is 9cb59c + 2?
9cb59e
In base 15, what is -13cc70 + 4?
-13cc6b
In base 3, what is -1202101002212000 + 12?
-1202101002211211
In base 13, what is -1 + -5973185?
-5973186
In base 16, what is 62664 - 418?
6224c
In base 3, what is 21222 + 2210002020?
2210101012
In base 6, what is -40333125 + -12?
-40333141
In base 7, what is 4 - -44315154?
44315161
In base 14, what is -a56 + -bca?
-1842
In base 10, what is 8242 - -6491?
14733
In base 11, what is 170600 - -3?
170603
In base 13, what is 8a + -653675?
-6535b8
In base 16, what is 1c0a - -3fa?
2004
In base 9, what is -4 + 24148505?
24148501
In base 8, what is -10450263 + -3?
-10450266
In base 15, what is -a - 8a76c?
-8a777
In base 11, what is 1aa4 - -12a19?
14a12
In base 16, what is -53d1 - 3?
-53d4
In base 15, what is 12 - -23d1db?
23d1ed
In base 16, what is 3262f - 1a?
32615
In base 6, what is -10300404432 + -3?
-10300404435
In base 8, what is -4 + 475304044?
475304040
In base 10, what is -1808 - -974?
-834
In base 5, what is 0 - -2112024324?
2112024324
In base 16, what is 8e - 182ec5?
-182e37
In base 11, what is 5 - 390656?
-390651
In base 16, what is 58f982 - f?
58f973
In base 10, what is -1 + 1011767?
1011766
In base 12, what is -17 - 244189?
-2441a4
In base 6, what is -203045012 - -45?
-203044523
In base 15, what is c22a32 + -24?
c22a0d
In base 15, what is -25e6 + -15539?
-17b30
In base 12, what is 707057 - 4?
707053
In base 12, what is 2 - -70b5a2?
70b5a4
In base 16, what is -53d - -4d15e?
4cc21
In base 10, what is -4 - 510045?
-510049
In base 10, what is 2 - -5819335?
5819337
In base 4, what is -220 + -3113220121?
-3113221001
In base 13, what is -1010 + 23605?
225c5
In base 12, what is 2a93747 - -2?
2a93749
In base 12, what is 11b - -17ab0?
1800b
In base 11, what is 3863994 + -2?
3863992
In base 10, what is -916387172 - 4?
-916387176
In base 9, what is 340 + 302136?
302476
In base 6, what is 1020 + -24414?
-23354
In base 2, what is -11010110100 - 100001101110100?
-100101000101000
In base 3, what is -101222110 - 111110?
-102110220
In base 9, what is 1082 - 6562?
-5470
In base 9, what is -15 + 12132511?
12132485
In base 3, what is 222021001011202 - 0?
222021001011202
In base 3, what is -1202001222 - 2220222?
-1211222221
In base 6, what is 225 - 3301540?
-3301311
In base 11, what is -96a82367 - 4?
-96a82370
In base 5, what is -2043432 + -114?
-2044101
In base 2, what is 10010001001111010 + 1000101011?
10010010010100101
In base 16, what is 1b33 + -1c?
1b17
In base 13, what is 24 - -867887?
8678ab
In base 10, what is 68903 - 571?
68332
In base 13, what is 2418 + -246?
21a2
In base 10, what is 1161252 + -3?
1161249
In base 2, what is 1101101011000001101100001 + 100?
1101101011000001101100101
In base 12, what is 3b9 - 235?
184
In base 5, what is 10 + -231200220430?
-231200220420
In base 14, what is -4 - 67068c?
-670692
In base 4, what is 301 - -1010202213313?
1010202220220
In base 12, what is -5a83 + 7237?
1374
In base 16, what is 10 + -47afd6?
-47afc6
In base 10, what is -10878 - -3481?
-7397
In base 7, what is 12 + 262005520?
262005532
In base 11, what is -6419 + -22214?
-28632
In base 12, what is -15ab9a49 - 3?
-15ab9a50
In base 11, what is 2661 - a98?
1674
In base 13, what is -4 + -584a669?
-584a670
In base 2, what is 1000001101000111110 - 1100011000?
1000001011100100110
In base 15, what is 150c61 - 7?
150c59
In base 13, what is -b491 + 17c?
-b312
In base 6, what is -1255305 + 130?
-1255135
In base 8, what is -2 + -23522626?
-23522630
In base 10, what is -3088 + -4117?
-7205
In base 6, what is 1052 - -35351?
40443
In base 9, what is 11 - 1237050?
-1237038
In base 2, what is -10000 + -101110111010100011111?
-101110111010100101111
In base 11, what is 7 - 529313?
-529307
In base 15, what is 1d41519 + 2?
1d4151b
In base 8, what is 20 + -367312?
-367272
In base 10, what is 1470 + -3788?
-2318
In base 9, what is 143675012 + -2?
143675010
In base 6, what is 223401 + -4042?
215315
In base 4, what is 313 + 22210011?
22210330
In base 11, what is -81 + 61a?
